{"id":454,"date":"2025-12-10T13:54:09","date_gmt":"2025-12-10T13:54:09","guid":{"rendered":"https:\/\/project.multimediaatelier.com\/samyol-lojistik\/?page_id=454"},"modified":"2026-01-07T13:46:24","modified_gmt":"2026-01-07T13:46:24","slug":"grup-sirketleri","status":"publish","type":"page","link":"https:\/\/project.multimediaatelier.com\/samyol-lojistik\/index.php\/grup-sirketleri\/","title":{"rendered":"Grup \u015eirketleri"},"content":{"rendered":"\t\t<div data-elementor-type=\"wp-page\" data-elementor-id=\"454\" class=\"elementor elementor-454\" data-elementor-post-type=\"page\">\n\t\t\t\t<div class=\"elementor-element elementor-element-ce17da1 e-con-full e-flex e-con e-parent\" data-id=\"ce17da1\" data-element_type=\"container\" data-settings=\"{&quot;background_background&quot;:&quot;classic&quot;}\">\n\t\t<div class=\"elementor-element elementor-element-603142a e-con-full e-flex e-con e-child\" data-id=\"603142a\" data-element_type=\"container\">\n\t\t\t\t<div class=\"elementor-element elementor-element-b77f763 elementor-widget elementor-widget-heading\" data-id=\"b77f763\" data-element_type=\"widget\" data-widget_type=\"heading.default\">\n\t\t\t\t\t<h2 class=\"elementor-heading-title elementor-size-default\">GRUP \u015e\u0130RKETLER\u0130<\/h2>\t\t\t\t<\/div>\n\t\t<div class=\"elementor-element elementor-element-243db5e e-con-full e-flex e-con e-child\" data-id=\"243db5e\" data-element_type=\"container\">\n\t\t\t\t<div class=\"elementor-element elementor-element-cd1ef0b elementor-widget elementor-widget-heading\" data-id=\"cd1ef0b\" data-element_type=\"widget\" data-widget_type=\"heading.default\">\n\t\t\t\t\t<h2 class=\"elementor-heading-title elementor-size-default\"><a href=\"https:\/\/project.multimediaatelier.com\/samyol-lojistik\">Ana Sayfa<\/a><\/h2>\t\t\t\t<\/div>\n\t\t\t\t<div class=\"elementor-element elementor-element-13a2c1f elementor-view-default elementor-widget elementor-widget-icon\" data-id=\"13a2c1f\" data-element_type=\"widget\" data-widget_type=\"icon.default\">\n\t\t\t\t\t\t\t<div class=\"elementor-icon-wrapper\">\n\t\t\t<div class=\"elementor-icon\">\n\t\t\t<svg aria-hidden=\"true\" class=\"e-font-icon-svg e-fas-chevron-right\" viewBox=\"0 0 320 512\" xmlns=\"http:\/\/www.w3.org\/2000\/svg\"><path d=\"M285.476 272.971L91.132 467.314c-9.373 9.373-24.569 9.373-33.941 0l-22.667-22.667c-9.357-9.357-9.375-24.522-.04-33.901L188.505 256 34.484 101.255c-9.335-9.379-9.317-24.544.04-33.901l22.667-22.667c9.373-9.373 24.569-9.373 33.941 0L285.475 239.03c9.373 9.372 9.373 24.568.001 33.941z\"><\/path><\/svg>\t\t\t<\/div>\n\t\t<\/div>\n\t\t\t\t\t\t<\/div>\n\t\t\t\t<div class=\"elementor-element elementor-element-c155483 elementor-widget elementor-widget-heading\" data-id=\"c155483\" data-element_type=\"widget\" data-widget_type=\"heading.default\">\n\t\t\t\t\t<h2 class=\"elementor-heading-title elementor-size-default\">H\u0130ZMETLER\u0130M\u0130Z<\/h2>\t\t\t\t<\/div>\n\t\t\t\t<\/div>\n\t\t\t\t<\/div>\n\t\t\t\t<\/div>\n\t\t<div class=\"elementor-element elementor-element-28acb55 e-con-full e-flex e-con e-parent\" data-id=\"28acb55\" data-element_type=\"container\">\n\t\t\t\t<div class=\"elementor-element elementor-element-1da9e49 elementor-widget elementor-widget-image-carousel\" data-id=\"1da9e49\" data-element_type=\"widget\" data-settings=\"{&quot;slides_to_show&quot;:&quot;5&quot;,&quot;slides_to_scroll&quot;:&quot;1&quot;,&quot;navigation&quot;:&quot;none&quot;,&quot;autoplay_speed&quot;:800,&quot;image_spacing_custom&quot;:{&quot;unit&quot;:&quot;px&quot;,&quot;size&quot;:100,&quot;sizes&quot;:[]},&quot;slides_to_show_mobile&quot;:&quot;2&quot;,&quot;autoplay&quot;:&quot;yes&quot;,&quot;pause_on_hover&quot;:&quot;yes&quot;,&quot;pause_on_interaction&quot;:&quot;yes&quot;,&quot;infinite&quot;:&quot;yes&quot;,&quot;speed&quot;:500,&quot;image_spacing_custom_tablet&quot;:{&quot;unit&quot;:&quot;px&quot;,&quot;size&quot;:&quot;&quot;,&quot;sizes&quot;:[]},&quot;image_spacing_custom_mobile&quot;:{&quot;unit&quot;:&quot;px&quot;,&quot;size&quot;:&quot;&quot;,&quot;sizes&quot;:[]}}\" data-widget_type=\"image-carousel.default\">\n\t\t\t\t\t\t\t<div class=\"elementor-image-carousel-wrapper swiper\" role=\"region\" aria-roledescription=\"carousel\" aria-label=\"Image Carousel\" dir=\"ltr\">\n\t\t\t<div class=\"elementor-image-carousel swiper-wrapper\" aria-live=\"off\">\n\t\t\t\t\t\t\t\t<div class=\"swiper-slide\" role=\"group\" aria-roledescription=\"slide\" aria-label=\"1 of 6\"><figure class=\"swiper-slide-inner\"><img decoding=\"async\" class=\"swiper-slide-image\" src=\"https:\/\/project.multimediaatelier.com\/samyol-lojistik\/wp-content\/uploads\/2025\/12\/logo-2-2.png\" alt=\"logo-2-2\" \/><\/figure><\/div><div class=\"swiper-slide\" role=\"group\" aria-roledescription=\"slide\" aria-label=\"2 of 6\"><figure class=\"swiper-slide-inner\"><img decoding=\"async\" class=\"swiper-slide-image\" src=\"https:\/\/project.multimediaatelier.com\/samyol-lojistik\/wp-content\/uploads\/2025\/12\/logo-1-2.png\" alt=\"logo-1-2\" \/><\/figure><\/div><div class=\"swiper-slide\" role=\"group\" aria-roledescription=\"slide\" aria-label=\"3 of 6\"><figure class=\"swiper-slide-inner\"><img decoding=\"async\" class=\"swiper-slide-image\" src=\"https:\/\/project.multimediaatelier.com\/samyol-lojistik\/wp-content\/uploads\/2025\/12\/Albayrak-Demir-Celik-Logo-1.png\" alt=\"Albayrak-Demir-Celik-Logo-1\" \/><\/figure><\/div><div class=\"swiper-slide\" role=\"group\" aria-roledescription=\"slide\" aria-label=\"4 of 6\"><figure class=\"swiper-slide-inner\"><img decoding=\"async\" class=\"swiper-slide-image\" src=\"https:\/\/project.multimediaatelier.com\/samyol-lojistik\/wp-content\/uploads\/2025\/12\/erc_samsun.png\" alt=\"erc_samsun\" \/><\/figure><\/div><div class=\"swiper-slide\" role=\"group\" aria-roledescription=\"slide\" aria-label=\"5 of 6\"><figure class=\"swiper-slide-inner\"><img decoding=\"async\" class=\"swiper-slide-image\" src=\"https:\/\/project.multimediaatelier.com\/samyol-lojistik\/wp-content\/uploads\/2025\/12\/logo-4.png\" alt=\"logo-4\" \/><\/figure><\/div><div class=\"swiper-slide\" role=\"group\" aria-roledescription=\"slide\" aria-label=\"6 of 6\"><figure class=\"swiper-slide-inner\"><img decoding=\"async\" class=\"swiper-slide-image\" src=\"https:\/\/project.multimediaatelier.com\/samyol-lojistik\/wp-content\/uploads\/2026\/01\/yagpet.png\" alt=\"yagpet\" \/><\/figure><\/div>\t\t\t<\/div>\n\t\t\t\t\t\t\t\n\t\t\t\t\t\t\t\t\t<\/div>\n\t\t\t\t\t\t<\/div>\n\t\t\t\t<\/div>\n\t\t<div class=\"elementor-element elementor-element-aea395c e-con-full e-flex e-con e-child\" data-id=\"aea395c\" data-element_type=\"container\">\n\t\t\t\t<div class=\"elementor-element elementor-element-eb922e9 elementor-align-center elementor-widget elementor-widget-button\" data-id=\"eb922e9\" data-element_type=\"widget\" data-widget_type=\"button.default\">\n\t\t\t\t\t\t\t\t\t\t<a class=\"elementor-button elementor-button-link elementor-size-sm\" href=\"#\">\n\t\t\t\t\t\t<span class=\"elementor-button-content-wrapper\">\n\t\t\t\t\t\t\t\t\t<span class=\"elementor-button-text\">Grup \u015eirketlerimiz<\/span>\n\t\t\t\t\t<\/span>\n\t\t\t\t\t<\/a>\n\t\t\t\t\t\t\t\t<\/div>\n\t\t\t\t<div class=\"elementor-element elementor-element-dfeacd3 elementor-widget elementor-widget-heading\" data-id=\"dfeacd3\" data-element_type=\"widget\" data-widget_type=\"heading.default\">\n\t\t\t\t\t<h2 class=\"elementor-heading-title elementor-size-default\">B\u00fcnyemizdeki \u015eirketler\n<\/h2>\t\t\t\t<\/div>\n\t\t\t\t<div class=\"elementor-element elementor-element-7f24709 elementor-widget elementor-widget-html\" data-id=\"7f24709\" data-element_type=\"widget\" data-widget_type=\"html.default\">\n\t\t\t\t\t<div class=\"ma-accordion\">\r\n  \r\n  <div class=\"ma-item\" style=\"background-image:url('\/samyol-lojistik\/wp-content\/uploads\/2026\/01\/albayrakDemir.webp');\">\r\n    <div class=\"ma-content\">\r\n        <a href=\"https:\/\/albayrakdemircelik.com\/\" target=\"_blank\" rel=\"noopener noreferrer\">\r\n      <h2>Albayrak Demir \u00c7elik<\/h2>\r\n      <\/a>\r\n      <a href=\"https:\/\/albayrakdemircelik.com\/\" target=\"_blank\" class=\"ma-btn\">Detayl\u0131 Bilgi<\/a>\r\n    <\/div>\r\n  <\/div>\r\n\r\n  <div class=\"ma-item\" style=\"background-image:url('\/samyol-lojistik\/wp-content\/uploads\/2026\/01\/erc.webp');\">\r\n    <div class=\"ma-content\">\r\n        <a href=\"https:\/\/ercsamsunotomotiv.com\/\"  target=\"_blank\" rel=\"noopener noreferrer\">\r\n      <h2>Erc Otomotiv<\/h2>\r\n      <\/a>\r\n      <a href=\"https:\/\/ercsamsunotomotiv.com\/\" target=\"_blank\" class=\"ma-btn\">Detayl\u0131 Bilgi<\/a>\r\n    <\/div>\r\n  <\/div>\r\n\r\n  <div class=\"ma-item\" style=\"background-image:url('\/samyol-lojistik\/wp-content\/uploads\/2026\/01\/erpet-1.webp');\">\r\n    <div class=\"ma-content\">\r\n        <a href=\"https:\/\/karadenizerpet.com\/\" target=\"_blank\" rel=\"noopener noreferrer\">\r\n      <h2>Karadeniz Erpet<\/h2>\r\n      <\/a>\r\n      <a href=\"https:\/\/karadenizerpet.com\/\" target=\"_blank\" class=\"ma-btn\">Detayl\u0131 Bilgi<\/a>\r\n    <\/div>\r\n  <\/div>\r\n  <div class=\"ma-item\" style=\"background-image:url('\/samyol-lojistik\/wp-content\/uploads\/2026\/01\/yagpet-1.jpg');\">\r\n    <div class=\"ma-content\">\r\n        <a href=\"https:\/\/yagpet.com.tr\/\" target=\"_blank\" rel=\"noopener noreferrer\">\r\n      <h2>Ya\u011fpet<\/h2>\r\n      <\/a>\r\n      <a href=\"https:\/\/yagpet.com.tr\/\" target=\"_blank\" class=\"ma-btn\">Detayl\u0131 Bilgi<\/a>\r\n    <\/div>\r\n  <\/div>\r\n   <div class=\"ma-item\" style=\"background-image:url('\/samyol-lojistik\/wp-content\/uploads\/2026\/01\/765_11zon-1.webp');\">\r\n    <div class=\"ma-content\">\r\n        <a href=\"https:\/\/hayatyatirim.com.tr\/\" target=\"_blank\" rel=\"noopener noreferrer\">\r\n      <h2>Hayat Yat\u0131r\u0131m<\/h2>\r\n      <\/a>\r\n      <a href=\"https:\/\/hayatyatirim.com.tr\/\" target=\"_blank\" class=\"ma-btn\">Detayl\u0131 Bilgi<\/a>\r\n    <\/div>\r\n  <\/div>\r\n  <div class=\"ma-item\" style=\"background-image:url('\/samyol-lojistik\/wp-content\/uploads\/2026\/01\/2149352231-1.jpg');\">\r\n    <div class=\"ma-content\">\r\n        <a href=\"http:\/\/ngnenerji.com\/\" target=\"_blank\" rel=\"noopener noreferrer\">\r\n      <h2>Ngn Enerji<\/h2>\r\n      <\/a>\r\n      <a href=\"http:\/\/ngnenerji.com\/\" target=\"_blank\" class=\"ma-btn\">Detayl\u0131 Bilgi<\/a>\r\n    <\/div>\r\n  <\/div>\r\n\r\n\r\n<\/div>\r\n\r\n<script>\r\ndocument.addEventListener(\"DOMContentLoaded\", function () {\r\n\r\n  const items = document.querySelectorAll(\".ma-item\");\r\n\r\n  \r\n  if (window.innerWidth <= 768) {\r\n\r\n    items.forEach(item => {\r\n      item.addEventListener(\"click\", function () {\r\n\r\n        if (item.classList.contains(\"active\")) {\r\n          item.classList.remove(\"active\");\r\n          return;\r\n        }\r\n\r\n        \r\n        items.forEach(i => i.classList.remove(\"active\"));\r\n\r\n      \r\n        item.classList.add(\"active\");\r\n      });\r\n    });\r\n\r\n  }\r\n});\r\n<\/script>\r\n\t\t\t\t<\/div>\n\t\t\t\t<\/div>\n\t\t<div class=\"elementor-element elementor-element-87e3374 e-con-full e-flex e-con e-parent\" data-id=\"87e3374\" data-element_type=\"container\">\n\t\t<div class=\"elementor-element elementor-element-38cb5dd e-con-full e-flex e-con e-child\" data-id=\"38cb5dd\" data-element_type=\"container\">\n\t\t\t\t<div class=\"elementor-element elementor-element-de5820c elementor-align-center elementor-widget elementor-widget-button\" data-id=\"de5820c\" data-element_type=\"widget\" data-widget_type=\"button.default\">\n\t\t\t\t\t\t\t\t\t\t<a class=\"elementor-button elementor-button-link elementor-size-sm\" href=\"#\">\n\t\t\t\t\t\t<span class=\"elementor-button-content-wrapper\">\n\t\t\t\t\t\t\t\t\t<span class=\"elementor-button-text\">Gelece\u011fe Yat\u0131r\u0131m<\/span>\n\t\t\t\t\t<\/span>\n\t\t\t\t\t<\/a>\n\t\t\t\t\t\t\t\t<\/div>\n\t\t\t\t<div class=\"elementor-element elementor-element-d327826 elementor-widget elementor-widget-heading\" data-id=\"d327826\" data-element_type=\"widget\" data-widget_type=\"heading.default\">\n\t\t\t\t\t<h2 class=\"elementor-heading-title elementor-size-default\">S\u00fcrekli Geli\u015fim Odakl\u0131 Y\u00f6netim<\/h2>\t\t\t\t<\/div>\n\t\t\t\t<\/div>\n\t\t\t\t<\/div>\n\t\t<div class=\"elementor-element elementor-element-1e94620 e-flex e-con-boxed e-con e-parent\" data-id=\"1e94620\" data-element_type=\"container\">\n\t\t\t\t\t<div class=\"e-con-inner\">\n\t\t\t\t<div class=\"elementor-element elementor-element-c41228d elementor-widget elementor-widget-text-editor\" data-id=\"c41228d\" data-element_type=\"widget\" data-widget_type=\"text-editor.default\">\n\t\t\t\t\t\t\t\t\t<p>\u015eeffafl\u0131k ve s\u00fcrekli geli\u015fimi oda\u011f\u0131na alan y\u00f6netim anlay\u0131\u015f\u0131m\u0131z ile t\u00fcm grup \u015firketlerimizde yenilik\u00e7i uygulamalar\u0131 hayata ge\u00e7iriyor, s\u00fcrd\u00fcr\u00fclebilir ba\u015far\u0131y\u0131 esas al\u0131yoruz.<br \/>Kaliteyi i\u015f yap\u0131\u015f \u015feklimizin ayr\u0131lmaz bir par\u00e7as\u0131 olarak g\u00f6rerek, m\u00fc\u015fterilerimizin beklentilerini en \u00fcst d\u00fczeyde kar\u015f\u0131lamay\u0131 ve memnuniyeti kal\u0131c\u0131 hale getirmeyi ama\u00e7l\u0131yoruz. T\u00fcm s\u00fcre\u00e7lerimizde a\u00e7\u0131kl\u0131k ve hesap verebilirlik ilkeleriyle hareket ederken, g\u00fcvene dayal\u0131 g\u00fc\u00e7l\u00fc ili\u015fkil\u00ader kuruyoruz. D\u00fcr\u00fcstl\u00fck, sorumluluk ve m\u00fckemmellik anlay\u0131\u015f\u0131m\u0131z do\u011frultusunda; \u00e7al\u0131\u015fma arkada\u015flar\u0131m\u0131zdan i\u015f ortaklar\u0131m\u0131za kadar t\u00fcm payda\u015flar\u0131m\u0131z i\u00e7in uzun vadeli ve kal\u0131c\u0131 de\u011fer \u00fcretmeyi s\u00fcrd\u00fcr\u00fcyoruz.<\/p>\t\t\t\t\t\t\t\t<\/div>\n\t\t\t\t\t<\/div>\n\t\t\t\t<\/div>\n\t\t\t\t<\/div>\n\t\t","protected":false},"excerpt":{"rendered":"<p>GRUP \u015e\u0130RKETLER\u0130 Ana Sayfa H\u0130ZMETLER\u0130M\u0130Z Grup \u015eirketlerimiz B\u00fcnyemizdeki \u015eirketler Albayrak Demir \u00c7elik Detayl\u0131 Bilgi Erc Otomotiv Detayl\u0131 Bilgi Karadeniz Erpet Detayl\u0131 Bilgi Ya\u011fpet Detayl\u0131 Bilgi Hayat Yat\u0131r\u0131m Detayl\u0131 Bilgi Ngn Enerji Detayl\u0131 Bilgi Gelece\u011fe Yat\u0131r\u0131m S\u00fcrekli Geli\u015fim Odakl\u0131 Y\u00f6netim \u015eeffafl\u0131k ve s\u00fcrekli geli\u015fimi oda\u011f\u0131na alan y\u00f6netim anlay\u0131\u015f\u0131m\u0131z ile t\u00fcm grup \u015firketlerimizde yenilik\u00e7i uygulamalar\u0131 hayata ge\u00e7iriyor, [&hellip;]<\/p>\n","protected":false},"author":1,"featured_media":0,"parent":0,"menu_order":0,"comment_status":"closed","ping_status":"closed","template":"elementor_header_footer","meta":{"_joinchat":[],"footnotes":""},"class_list":["post-454","page","type-page","status-publish","hentry"],"yoast_head":"<!-- This site is optimized with the Yoast SEO plugin v26.7 - https:\/\/yoast.com\/wordpress\/plugins\/seo\/ -->\n<title>Grup \u015eirketleri - SAMYOL Lojistik<\/title>\n<meta name=\"robots\" content=\"index, follow, max-snippet:-1, max-image-preview:large, max-video-preview:-1\" \/>\n<link rel=\"canonical\" href=\"https:\/\/project.multimediaatelier.com\/samyol-lojistik\/index.php\/grup-sirketleri\/\" \/>\n<meta property=\"og:locale\" content=\"en_US\" \/>\n<meta property=\"og:type\" content=\"article\" \/>\n<meta property=\"og:title\" content=\"Grup \u015eirketleri - SAMYOL Lojistik\" \/>\n<meta property=\"og:description\" content=\"GRUP \u015e\u0130RKETLER\u0130 Ana Sayfa H\u0130ZMETLER\u0130M\u0130Z Grup \u015eirketlerimiz B\u00fcnyemizdeki \u015eirketler Albayrak Demir \u00c7elik Detayl\u0131 Bilgi Erc Otomotiv Detayl\u0131 Bilgi Karadeniz Erpet Detayl\u0131 Bilgi Ya\u011fpet Detayl\u0131 Bilgi Hayat Yat\u0131r\u0131m Detayl\u0131 Bilgi Ngn Enerji Detayl\u0131 Bilgi Gelece\u011fe Yat\u0131r\u0131m S\u00fcrekli Geli\u015fim Odakl\u0131 Y\u00f6netim \u015eeffafl\u0131k ve s\u00fcrekli geli\u015fimi oda\u011f\u0131na alan y\u00f6netim anlay\u0131\u015f\u0131m\u0131z ile t\u00fcm grup \u015firketlerimizde yenilik\u00e7i uygulamalar\u0131 hayata ge\u00e7iriyor, [&hellip;]\" \/>\n<meta property=\"og:url\" content=\"https:\/\/project.multimediaatelier.com\/samyol-lojistik\/index.php\/grup-sirketleri\/\" \/>\n<meta property=\"og:site_name\" content=\"SAMYOL Lojistik\" \/>\n<meta property=\"article:modified_time\" content=\"2026-01-07T13:46:24+00:00\" \/>\n<meta property=\"og:image\" content=\"https:\/\/project.multimediaatelier.com\/samyol-lojistik\/wp-content\/uploads\/2025\/12\/logo-2-2.png\" \/>\n<meta name=\"twitter:card\" content=\"summary_large_image\" \/>\n<meta name=\"twitter:label1\" content=\"Est. reading time\" \/>\n\t<meta name=\"twitter:data1\" content=\"4 minutes\" \/>\n<script type=\"application\/ld+json\" class=\"yoast-schema-graph\">{\"@context\":\"https:\/\/schema.org\",\"@graph\":[{\"@type\":\"WebPage\",\"@id\":\"https:\/\/project.multimediaatelier.com\/samyol-lojistik\/index.php\/grup-sirketleri\/\",\"url\":\"https:\/\/project.multimediaatelier.com\/samyol-lojistik\/index.php\/grup-sirketleri\/\",\"name\":\"Grup \u015eirketleri - SAMYOL Lojistik\",\"isPartOf\":{\"@id\":\"https:\/\/project.multimediaatelier.com\/samyol-lojistik\/#website\"},\"primaryImageOfPage\":{\"@id\":\"https:\/\/project.multimediaatelier.com\/samyol-lojistik\/index.php\/grup-sirketleri\/#primaryimage\"},\"image\":{\"@id\":\"https:\/\/project.multimediaatelier.com\/samyol-lojistik\/index.php\/grup-sirketleri\/#primaryimage\"},\"thumbnailUrl\":\"https:\/\/project.multimediaatelier.com\/samyol-lojistik\/wp-content\/uploads\/2025\/12\/logo-2-2.png\",\"datePublished\":\"2025-12-10T13:54:09+00:00\",\"dateModified\":\"2026-01-07T13:46:24+00:00\",\"breadcrumb\":{\"@id\":\"https:\/\/project.multimediaatelier.com\/samyol-lojistik\/index.php\/grup-sirketleri\/#breadcrumb\"},\"inLanguage\":\"en-US\",\"potentialAction\":[{\"@type\":\"ReadAction\",\"target\":[\"https:\/\/project.multimediaatelier.com\/samyol-lojistik\/index.php\/grup-sirketleri\/\"]}]},{\"@type\":\"ImageObject\",\"inLanguage\":\"en-US\",\"@id\":\"https:\/\/project.multimediaatelier.com\/samyol-lojistik\/index.php\/grup-sirketleri\/#primaryimage\",\"url\":\"https:\/\/project.multimediaatelier.com\/samyol-lojistik\/wp-content\/uploads\/2025\/12\/logo-2-2.png\",\"contentUrl\":\"https:\/\/project.multimediaatelier.com\/samyol-lojistik\/wp-content\/uploads\/2025\/12\/logo-2-2.png\",\"width\":260,\"height\":100},{\"@type\":\"BreadcrumbList\",\"@id\":\"https:\/\/project.multimediaatelier.com\/samyol-lojistik\/index.php\/grup-sirketleri\/#breadcrumb\",\"itemListElement\":[{\"@type\":\"ListItem\",\"position\":1,\"name\":\"Home\",\"item\":\"https:\/\/project.multimediaatelier.com\/samyol-lojistik\/\"},{\"@type\":\"ListItem\",\"position\":2,\"name\":\"Grup \u015eirketleri\"}]},{\"@type\":\"WebSite\",\"@id\":\"https:\/\/project.multimediaatelier.com\/samyol-lojistik\/#website\",\"url\":\"https:\/\/project.multimediaatelier.com\/samyol-lojistik\/\",\"name\":\"SAMYOL Lojistik\",\"description\":\"\",\"publisher\":{\"@id\":\"https:\/\/project.multimediaatelier.com\/samyol-lojistik\/#organization\"},\"potentialAction\":[{\"@type\":\"SearchAction\",\"target\":{\"@type\":\"EntryPoint\",\"urlTemplate\":\"https:\/\/project.multimediaatelier.com\/samyol-lojistik\/?s={search_term_string}\"},\"query-input\":{\"@type\":\"PropertyValueSpecification\",\"valueRequired\":true,\"valueName\":\"search_term_string\"}}],\"inLanguage\":\"en-US\"},{\"@type\":\"Organization\",\"@id\":\"https:\/\/project.multimediaatelier.com\/samyol-lojistik\/#organization\",\"name\":\"SAMYOL Lojistik\",\"url\":\"https:\/\/project.multimediaatelier.com\/samyol-lojistik\/\",\"logo\":{\"@type\":\"ImageObject\",\"inLanguage\":\"en-US\",\"@id\":\"https:\/\/project.multimediaatelier.com\/samyol-lojistik\/#\/schema\/logo\/image\/\",\"url\":\"https:\/\/project.multimediaatelier.com\/samyol-lojistik\/wp-content\/uploads\/2025\/11\/samyol-1-scaled.png\",\"contentUrl\":\"https:\/\/project.multimediaatelier.com\/samyol-lojistik\/wp-content\/uploads\/2025\/11\/samyol-1-scaled.png\",\"width\":2560,\"height\":458,\"caption\":\"SAMYOL Lojistik\"},\"image\":{\"@id\":\"https:\/\/project.multimediaatelier.com\/samyol-lojistik\/#\/schema\/logo\/image\/\"}}]}<\/script>\n<!-- \/ Yoast SEO plugin. -->","yoast_head_json":{"title":"Grup \u015eirketleri - SAMYOL Lojistik","robots":{"index":"index","follow":"follow","max-snippet":"max-snippet:-1","max-image-preview":"max-image-preview:large","max-video-preview":"max-video-preview:-1"},"canonical":"https:\/\/project.multimediaatelier.com\/samyol-lojistik\/index.php\/grup-sirketleri\/","og_locale":"en_US","og_type":"article","og_title":"Grup \u015eirketleri - SAMYOL Lojistik","og_description":"GRUP \u015e\u0130RKETLER\u0130 Ana Sayfa H\u0130ZMETLER\u0130M\u0130Z Grup \u015eirketlerimiz B\u00fcnyemizdeki \u015eirketler Albayrak Demir \u00c7elik Detayl\u0131 Bilgi Erc Otomotiv Detayl\u0131 Bilgi Karadeniz Erpet Detayl\u0131 Bilgi Ya\u011fpet Detayl\u0131 Bilgi Hayat Yat\u0131r\u0131m Detayl\u0131 Bilgi Ngn Enerji Detayl\u0131 Bilgi Gelece\u011fe Yat\u0131r\u0131m S\u00fcrekli Geli\u015fim Odakl\u0131 Y\u00f6netim \u015eeffafl\u0131k ve s\u00fcrekli geli\u015fimi oda\u011f\u0131na alan y\u00f6netim anlay\u0131\u015f\u0131m\u0131z ile t\u00fcm grup \u015firketlerimizde yenilik\u00e7i uygulamalar\u0131 hayata ge\u00e7iriyor, [&hellip;]","og_url":"https:\/\/project.multimediaatelier.com\/samyol-lojistik\/index.php\/grup-sirketleri\/","og_site_name":"SAMYOL Lojistik","article_modified_time":"2026-01-07T13:46:24+00:00","og_image":[{"url":"https:\/\/project.multimediaatelier.com\/samyol-lojistik\/wp-content\/uploads\/2025\/12\/logo-2-2.png","type":"","width":"","height":""}],"twitter_card":"summary_large_image","twitter_misc":{"Est. reading time":"4 minutes"},"schema":{"@context":"https:\/\/schema.org","@graph":[{"@type":"WebPage","@id":"https:\/\/project.multimediaatelier.com\/samyol-lojistik\/index.php\/grup-sirketleri\/","url":"https:\/\/project.multimediaatelier.com\/samyol-lojistik\/index.php\/grup-sirketleri\/","name":"Grup \u015eirketleri - SAMYOL Lojistik","isPartOf":{"@id":"https:\/\/project.multimediaatelier.com\/samyol-lojistik\/#website"},"primaryImageOfPage":{"@id":"https:\/\/project.multimediaatelier.com\/samyol-lojistik\/index.php\/grup-sirketleri\/#primaryimage"},"image":{"@id":"https:\/\/project.multimediaatelier.com\/samyol-lojistik\/index.php\/grup-sirketleri\/#primaryimage"},"thumbnailUrl":"https:\/\/project.multimediaatelier.com\/samyol-lojistik\/wp-content\/uploads\/2025\/12\/logo-2-2.png","datePublished":"2025-12-10T13:54:09+00:00","dateModified":"2026-01-07T13:46:24+00:00","breadcrumb":{"@id":"https:\/\/project.multimediaatelier.com\/samyol-lojistik\/index.php\/grup-sirketleri\/#breadcrumb"},"inLanguage":"en-US","potentialAction":[{"@type":"ReadAction","target":["https:\/\/project.multimediaatelier.com\/samyol-lojistik\/index.php\/grup-sirketleri\/"]}]},{"@type":"ImageObject","inLanguage":"en-US","@id":"https:\/\/project.multimediaatelier.com\/samyol-lojistik\/index.php\/grup-sirketleri\/#primaryimage","url":"https:\/\/project.multimediaatelier.com\/samyol-lojistik\/wp-content\/uploads\/2025\/12\/logo-2-2.png","contentUrl":"https:\/\/project.multimediaatelier.com\/samyol-lojistik\/wp-content\/uploads\/2025\/12\/logo-2-2.png","width":260,"height":100},{"@type":"BreadcrumbList","@id":"https:\/\/project.multimediaatelier.com\/samyol-lojistik\/index.php\/grup-sirketleri\/#breadcrumb","itemListElement":[{"@type":"ListItem","position":1,"name":"Home","item":"https:\/\/project.multimediaatelier.com\/samyol-lojistik\/"},{"@type":"ListItem","position":2,"name":"Grup \u015eirketleri"}]},{"@type":"WebSite","@id":"https:\/\/project.multimediaatelier.com\/samyol-lojistik\/#website","url":"https:\/\/project.multimediaatelier.com\/samyol-lojistik\/","name":"SAMYOL Lojistik","description":"","publisher":{"@id":"https:\/\/project.multimediaatelier.com\/samyol-lojistik\/#organization"},"potentialAction":[{"@type":"SearchAction","target":{"@type":"EntryPoint","urlTemplate":"https:\/\/project.multimediaatelier.com\/samyol-lojistik\/?s={search_term_string}"},"query-input":{"@type":"PropertyValueSpecification","valueRequired":true,"valueName":"search_term_string"}}],"inLanguage":"en-US"},{"@type":"Organization","@id":"https:\/\/project.multimediaatelier.com\/samyol-lojistik\/#organization","name":"SAMYOL Lojistik","url":"https:\/\/project.multimediaatelier.com\/samyol-lojistik\/","logo":{"@type":"ImageObject","inLanguage":"en-US","@id":"https:\/\/project.multimediaatelier.com\/samyol-lojistik\/#\/schema\/logo\/image\/","url":"https:\/\/project.multimediaatelier.com\/samyol-lojistik\/wp-content\/uploads\/2025\/11\/samyol-1-scaled.png","contentUrl":"https:\/\/project.multimediaatelier.com\/samyol-lojistik\/wp-content\/uploads\/2025\/11\/samyol-1-scaled.png","width":2560,"height":458,"caption":"SAMYOL Lojistik"},"image":{"@id":"https:\/\/project.multimediaatelier.com\/samyol-lojistik\/#\/schema\/logo\/image\/"}}]}},"_links":{"self":[{"href":"https:\/\/project.multimediaatelier.com\/samyol-lojistik\/index.php\/wp-json\/wp\/v2\/pages\/454","targetHints":{"allow":["GET"]}}],"collection":[{"href":"https:\/\/project.multimediaatelier.com\/samyol-lojistik\/index.php\/wp-json\/wp\/v2\/pages"}],"about":[{"href":"https:\/\/project.multimediaatelier.com\/samyol-lojistik\/index.php\/wp-json\/wp\/v2\/types\/page"}],"author":[{"embeddable":true,"href":"https:\/\/project.multimediaatelier.com\/samyol-lojistik\/index.php\/wp-json\/wp\/v2\/users\/1"}],"replies":[{"embeddable":true,"href":"https:\/\/project.multimediaatelier.com\/samyol-lojistik\/index.php\/wp-json\/wp\/v2\/comments?post=454"}],"version-history":[{"count":109,"href":"https:\/\/project.multimediaatelier.com\/samyol-lojistik\/index.php\/wp-json\/wp\/v2\/pages\/454\/revisions"}],"predecessor-version":[{"id":1128,"href":"https:\/\/project.multimediaatelier.com\/samyol-lojistik\/index.php\/wp-json\/wp\/v2\/pages\/454\/revisions\/1128"}],"wp:attachment":[{"href":"https:\/\/project.multimediaatelier.com\/samyol-lojistik\/index.php\/wp-json\/wp\/v2\/media?parent=454"}],"curies":[{"name":"wp","href":"https:\/\/api.w.org\/{rel}","templated":true}]}}